{"id":474,"date":"2024-06-14T14:14:47","date_gmt":"2024-06-14T14:14:47","guid":{"rendered":"https:\/\/blog-package-source.instawp.xyz\/?page_id=474"},"modified":"2026-01-11T18:36:54","modified_gmt":"2026-01-11T17:36:54","slug":"about","status":"publish","type":"page","link":"https:\/\/jayweiner.me\/blog\/about\/","title":{"rendered":"About me"},"content":{"rendered":"\n<div class=\"wp-block-cover alignfull is-light\" style=\"padding-top:3.75rem;padding-bottom:5.01rem\"><span aria-hidden=\"true\" class=\"wp-block-cover__background has-vibrant-background-color has-background-dim-0 has-background-dim\"><\/span><div class=\"wp-block-cover__inner-container has-global-padding is-layout-constrained wp-container-core-cover-is-layout-b432d63d wp-block-cover-is-layout-constrained\">\n<div class=\"wp-block-group is-vertical is-content-justification-center is-layout-flex wp-container-core-group-is-layout-f7cde1c8 wp-block-group-is-layout-flex\">\n<div class=\"wp-block-group has-global-padding is-layout-constrained wp-container-core-group-is-layout-0cbb2a4e wp-block-group-is-layout-constrained\">\n<h6 class=\"wp-block-heading has-text-align-center has-light-color has-text-color has-link-color wp-elements-57fa7edac56818ca4c5f74d158c0e72e\" style=\"font-size:clamp(0.875rem, 0.875rem + ((1vw - 0.2rem) * 0.045), 0.9rem);font-style:normal;font-weight:500\">Bio and Interests<\/h6>\n\n\n\n<h2 class=\"wp-block-heading has-text-align-center has-black-color has-text-color has-link-color has-hedvig-letters-serif-regular-font-family wp-elements-f9826d5e72d028f4a9d6395650e424ee\" style=\"margin-top:16px;font-size:clamp(1.551rem, 1.551rem + ((1vw - 0.2rem) * 1.907), 2.6rem);\">Jay Weiner<\/h2>\n<\/div>\n\n\n\n<div class=\"wp-block-group has-global-padding is-layout-constrained wp-block-group-is-layout-constrained\">\n<figure class=\"wp-block-image alignwide size-full wp-container-content-f22b2ade\" style=\"margin-right:var(--wp--preset--spacing--30);margin-left:var(--wp--preset--spacing--30)\"><img loading=\"lazy\" decoding=\"async\" width=\"1348\" height=\"527\" src=\"https:\/\/jayweiner.me\/blog\/wp-content\/uploads\/2025\/01\/IMG_0902-3.jpg\" alt=\"La Melodie du Bonheur, Cirque Royal, Brussels\" class=\"wp-image-759\" srcset=\"https:\/\/jayweiner.me\/blog\/wp-content\/uploads\/2025\/01\/IMG_0902-3.jpg 1348w, https:\/\/jayweiner.me\/blog\/wp-content\/uploads\/2025\/01\/IMG_0902-3-300x117.jpg 300w\" sizes=\"auto, (max-width: 1348px) 100vw, 1348px\" \/><\/figure>\n<\/div>\n\n\n\n<div class=\"wp-block-group has-black-color has-text-color has-link-color wp-elements-9a85f957db1ffee77723b45a8509bde4 has-global-padding is-content-justification-center is-layout-constrained wp-container-core-group-is-layout-3186c417 wp-block-group-is-layout-constrained\" style=\"padding-bottom:10px\">\n<p class=\"has-text-align-center has-black-color has-text-color has-link-color wp-elements-2e7a517ed440bc5d16207d8670c469a7\" style=\"letter-spacing:0.18px\">Hello! My name is Jay Weiner. <\/p>\n\n\n\n<p class=\"has-text-align-center has-black-color has-text-color has-link-color wp-elements-1f2c09a86678c0a34a4395c4b836f44d\" style=\"letter-spacing:0.18px\">I am sixteen years old and am currently enrolled in the S7 Music 4 course at EEB1, the European School in Brussels, Belgium. My primary instrument is voice, but I spent six years playing cello and have recently picked up the electric bass.<\/p>\n\n\n\n<p class=\"has-text-align-center has-black-color has-text-color has-link-color wp-elements-826a832ac4df8a3d66e169b99e889865\" style=\"letter-spacing:0.18px\">Music has been a central part of my life for as long as I can remember, my mother always encouraged me to interact with music in all its forms. At the age of seven, I joined the preparatory choir of the La Monnaie Children and Youth Choirs, and have since moved on to La Choraline (the 13-18 year section of the Youth Choirs).<\/p>\n\n\n\n<p class=\"has-text-align-center\">I\u2019ve taken part in various operas and musicals in recent years, such as SNAKE, by Howard Moody, <em>Charlie and the Chocolate factory <\/em>(as Charlie)<em>, Die Zauberfl\u00f6te <\/em>(as the third Knabe)<em>, The Sound of Music<\/em> (as Friedrich Von Trapp, produced by the company <em>Ars Lyrica<\/em>), <em>The Mikado<\/em>, by Gilbert and Sullivan&nbsp;(produced by the <em>Brussels Light Opera Company<\/em>, BLOC), <em>SOLAR \u2013 Icarus Burning<\/em>, by Howard Moody (with the Youth Choir, at La Monnaie), <em>Der Rosenkavalier<\/em>, by Richard Strauss&nbsp;(in small choir, at La Monnaie), and others.<\/p>\n\n\n\n<p class=\"has-text-align-center has-black-color has-text-color has-link-color wp-elements-a1cd5cdf34ef5b4e830482d26dddfc98\" style=\"margin-top:30px;letter-spacing:0.18px\">I\u2019ve also participated in several recordings (Carmen, <a href=\"https:\/\/open.spotify.com\/album\/0srqKU7aTb1P4BJgiqPDaa\">A Christmas Journey<\/a>, 2:Love) and many performances with my choir, including two <a href=\"https:\/\/www.facebook.com\/photo\/?fbid=832240302271052&amp;set=pcb.832241525604263\">concerts at the Belgian Royal Palace<\/a> in Laeken, a small solo in Benoit Mernier\u2019s <a href=\"https:\/\/www.bozar.be\/en\/calendar\/la-monnaie-symphony-orchestra-altinoglu\"><em>Dickinson Songs<\/em>&nbsp;at BOZAR<\/a>, conducted by Alain Altinoglu, and a week-long <a href=\"https:\/\/jugendchorfestival.de\/\">International Youth Choir Festival<\/a> in Hanover, Germany.<\/p>\n\n\n\n<p class=\"has-text-align-center\">The highlight of my musical career so far was performing the title role of the contemporary opera <a href=\"https:\/\/www.lamonnaiedemunt.be\/en\/program\/3147-fanny-and-alexander\">&#8220;Fanny and Alexander&#8221;<\/a>, at La Monnaie Royal Opera House, by the Swedish composer <a href=\"https:\/\/mikaelk.com\/portfolio-item\/fannyandalexander\/\">Mikael Karlsson<\/a>, conducted by Ariane Matiakh and directed by Ivo van Hove, next to important singers such as Thomas Hampson and Anne Sofie von Otter.<\/p>\n\n\n\n<p class=\"has-text-align-center\">I am looking forward to joining the Guildhall School of Music and Drama of London  in September 2026 to pursue a Bachelor of Music in Vocal Studies.<\/p>\n<\/div>\n<\/div>\n<\/div><\/div>\n\n\n\n<div class=\"wp-block-group alignfull has-global-padding is-layout-constrained wp-container-core-group-is-layout-d0e9c35b wp-block-group-is-layout-constrained\" style=\"margin-top:0px;margin-bottom:0px;padding-top:0px;padding-bottom:0px\">\n<div class=\"wp-block-columns is-layout-flex wp-container-core-columns-is-layout-1354b6fb wp-block-columns-is-layout-flex\" style=\"border-top-color:var(--wp--preset--color--black);border-top-width:1px;border-right-style:none;border-right-width:0px;border-bottom-color:var(--wp--preset--color--black);border-bottom-width:1px;border-left-style:none;border-left-width:0px;padding-top:54px;padding-right:1rem;padding-bottom:54px;padding-left:1rem\">\n<div class=\"wp-block-column is-layout-flow wp-container-core-column-is-layout-9ade4a0a wp-block-column-is-layout-flow\" style=\"border-left-style:none;border-left-width:0px;padding-top:10px;padding-bottom:10px\">\n<h2 class=\"wp-block-heading has-text-align-center has-black-color has-text-color has-hedvig-letters-serif-regular-font-family\" style=\"margin-top:0;font-size:clamp(1.352rem, 1.352rem + ((1vw - 0.2rem) * 1.542), 2.2rem);font-style:normal;font-weight:400;line-height:1\">24<\/h2>\n\n\n\n<p class=\"has-text-align-center has-black-color has-text-color\" style=\"font-size:clamp(0.875rem, 0.875rem + ((1vw - 0.2rem) * 0.409), 1.1rem);line-height:1.5\">Performances in 2024<\/p>\n<\/div>\n\n\n\n<div class=\"wp-block-column is-layout-flow wp-container-core-column-is-layout-9ade4a0a wp-block-column-is-layout-flow\" style=\"border-left-style:none;border-left-width:0px;padding-top:10px;padding-bottom:10px\">\n<h2 class=\"wp-block-heading has-text-align-center has-black-color has-text-color has-hedvig-letters-serif-regular-font-family\" style=\"margin-top:0;font-size:clamp(1.352rem, 1.352rem + ((1vw - 0.2rem) * 1.542), 2.2rem);font-style:normal;font-weight:400;line-height:1\">5<\/h2>\n\n\n\n<p class=\"has-text-align-center has-black-color has-text-color\" style=\"font-size:clamp(0.875rem, 0.875rem + ((1vw - 0.2rem) * 0.409), 1.1rem);line-height:1.5\">Solo roles, including a world premiere<\/p>\n<\/div>\n\n\n\n<div class=\"wp-block-column is-layout-flow wp-container-core-column-is-layout-9ade4a0a wp-block-column-is-layout-flow\" style=\"border-left-style:none;border-left-width:0px;padding-top:10px;padding-bottom:10px\">\n<h2 class=\"wp-block-heading has-text-align-center has-black-color has-text-color has-hedvig-letters-serif-regular-font-family\" style=\"margin-top:0;font-size:clamp(1.352rem, 1.352rem + ((1vw - 0.2rem) * 1.542), 2.2rem);font-style:normal;font-weight:400;line-height:1\"> &gt;18000<\/h2>\n\n\n\n<p class=\"has-text-align-center has-black-color has-text-color\" style=\"font-size:clamp(0.875rem, 0.875rem + ((1vw - 0.2rem) * 0.409), 1.1rem);line-height:1.5\">Tickets sold for my performances in 2024<\/p>\n<\/div>\n<\/div>\n\n\n\n<section class=\"wp-block-group alignfull has-global-padding is-layout-constrained wp-container-core-group-is-layout-83ee5e76 wp-block-group-is-layout-constrained\" style=\"margin-top:0rem;padding-right:1rem;padding-left:1rem;font-size:clamp(0.875rem, 0.875rem + ((1vw - 0.2rem) * 0.464), 1.13rem);font-style:normal;font-weight:400;line-height:1.5\">\n<div class=\"wp-block-group has-global-padding is-layout-constrained wp-container-core-group-is-layout-c328c1cf wp-block-group-is-layout-constrained\" style=\"padding-top:5.01rem;padding-bottom:4.01rem\">\n<div class=\"wp-block-group has-global-padding is-layout-constrained wp-block-group-is-layout-constrained\">\n<div class=\"wp-block-columns is-layout-flex wp-container-core-columns-is-layout-77f92784 wp-block-columns-is-layout-flex\">\n<div class=\"wp-block-column has-global-padding is-content-justification-center is-layout-constrained wp-container-core-column-is-layout-1b11d9c0 wp-block-column-is-layout-constrained\" style=\"border-right-style:none;border-right-width:0px;padding-right:1rem;padding-left:1rem\">\n<p class=\"has-text-align-center review-quotes has-secondary-vibrant-color has-text-color has-link-color has-news-cycle-bold-font-family wp-elements-b5bd7b5f774ec54a7d736a499c967627\" style=\"margin-top:0px;margin-right:0px;margin-bottom:0px;margin-left:0px;font-size:clamp(3.615rem, 3.615rem + ((1vw - 0.2rem) * 7.064), 7.5rem);line-height:0.1\">&#8220;<\/p>\n\n\n\n<p class=\"has-text-align-center has-black-color has-text-color has-hedvig-letters-serif-regular-font-family\" style=\"margin-top:20px;margin-bottom:0.6rem;font-size:clamp(0.875rem, 0.875rem + ((1vw - 0.2rem) * 0.7), 1.26rem);line-height:1.5\">\u201cLibre, direct, honn\u00eate et raffin\u00e9 dans son interpr\u00e9tation, Jay Weiner insuffle une fra\u00eecheur audacieuse et radicale \u00e0 l\u2019ensemble du casting vocal.\u201d<\/p>\n\n\n\n<h6 class=\"wp-block-heading has-text-align-center has-light-color has-text-color has-link-color wp-elements-8b34fbf7ad0934d1cd86d1abed96d0cc\" style=\"font-size:0.8rem\">SOLINE HEUTERBISE &#8211; OLYRIX.COM<\/h6>\n<\/div>\n<\/div>\n<\/div>\n<\/div>\n<\/section>\n<\/div>\n\n\n\n<p><\/p>\n","protected":false},"excerpt":{"rendered":"<p>24 Performances in 2024 5 Solo roles, including a world premiere &gt;18000 Tickets sold for my performances in 2024 &#8220; \u201cLibre, direct, honn\u00eate et raffin\u00e9 dans son interpr\u00e9tation, Jay Weiner insuffle une fra\u00eecheur audacieuse et radicale \u00e0 l\u2019ensemble du casting vocal.\u201d SOLINE HEUTERBISE &#8211; OLYRIX.COM<\/p>\n","protected":false},"author":1,"featured_media":0,"parent":0,"menu_order":0,"comment_status":"closed","ping_status":"closed","template":"","meta":{"footnotes":""},"class_list":["post-474","page","type-page","status-publish","hentry"],"jetpack_sharing_enabled":true,"_links":{"self":[{"href":"https:\/\/jayweiner.me\/blog\/wp-json\/wp\/v2\/pages\/474","targetHints":{"allow":["GET"]}}],"collection":[{"href":"https:\/\/jayweiner.me\/blog\/wp-json\/wp\/v2\/pages"}],"about":[{"href":"https:\/\/jayweiner.me\/blog\/wp-json\/wp\/v2\/types\/page"}],"author":[{"embeddable":true,"href":"https:\/\/jayweiner.me\/blog\/wp-json\/wp\/v2\/users\/1"}],"replies":[{"embeddable":true,"href":"https:\/\/jayweiner.me\/blog\/wp-json\/wp\/v2\/comments?post=474"}],"version-history":[{"count":28,"href":"https:\/\/jayweiner.me\/blog\/wp-json\/wp\/v2\/pages\/474\/revisions"}],"predecessor-version":[{"id":1499,"href":"https:\/\/jayweiner.me\/blog\/wp-json\/wp\/v2\/pages\/474\/revisions\/1499"}],"wp:attachment":[{"href":"https:\/\/jayweiner.me\/blog\/wp-json\/wp\/v2\/media?parent=474"}],"curies":[{"name":"wp","href":"https:\/\/api.w.org\/{rel}","templated":true}]}}